{"id":763,"date":"2018-11-09T15:55:36","date_gmt":"2018-11-09T15:55:36","guid":{"rendered":"http:\/\/http:\/\/www.saintedevotemonaco.com?page_id=763"},"modified":"2018-12-20T13:54:28","modified_gmt":"2018-12-20T13:54:28","slug":"patrona-di-monaco","status":"publish","type":"page","link":"https:\/\/www.saintedevotemonaco.com\/it\/patrona-di-monaco\/","title":{"rendered":"Patrona di Monaco"},"content":{"rendered":"\n<h3 class=\"wp-block-heading\">La storia e la leggenda<\/h3>\n\n\n\n<p>Ai primordi del IV secolo, in Corsica (a quei tempi provincia romana), il governatore romano Diocleziano ordina la grande persecuzione dei Cristiani.<\/p>\n\n\n\n<h4 class=\"wp-block-heading\">Una giovane cristiana che non rinneg\u00f2 la propria fede<\/h4>\n\n\n\n<p>Una giovane cristiana, Devota, fu arrestata, imprigionata e torturata. Mor\u00ec senza rinnegare la propria fede. Dopo la sua morte, il governatore della provincia ordin\u00f2 di bruciarne il corpo, ma dei Cristiani lo presero e lo misero su una barca in partenza per l&#8217;Africa dove pensavano che gli sarebbe stata data una sepoltura cristiana.<\/p>\n\n\n\n<figure class=\"wp-block-image\"><img loading=\"lazy\" decoding=\"async\" width=\"680\" height=\"556\" src=\"http:\/\/http:\/\/www.saintedevotemonaco.com\/wp-content\/uploads\/2018\/11\/eglise_sainte_devote.jpg\" alt=\"\" class=\"wp-image-163\" srcset=\"https:\/\/www.saintedevotemonaco.com\/wp-content\/uploads\/2018\/11\/eglise_sainte_devote.jpg 680w, https:\/\/www.saintedevotemonaco.com\/wp-content\/uploads\/2018\/11\/eglise_sainte_devote-300x245.jpg 300w, https:\/\/www.saintedevotemonaco.com\/wp-content\/uploads\/2018\/11\/eglise_sainte_devote-500x409.jpg 500w, https:\/\/www.saintedevotemonaco.com\/wp-content\/uploads\/2018\/11\/eglise_sainte_devote-600x491.jpg 600w\" sizes=\"auto, (max-width: 680px) 100vw, 680px\" \/><\/figure>\n\n\n\n<p>\u00c9glise Sainte-D\u00e9vote<\/p>\n\n\n\n<h4 class=\"wp-block-heading\">E la barca approd\u00f2 nel vallone dei Galmati<\/h4>\n\n\n\n<p>Sin dalle prime ore della traversata, si lev\u00f2 una tempesta. Fu allora che dalla bocca di Devota usc\u00ec una colomba che guid\u00f2, senza intralci, la barca fino a Monaco dove fin\u00ec per approdare nel vallone dei Galmati (al posto dell&#8217;attuale chiesa di Santa Devota). Era il sesto giorno prima delle calende di febbraio,il che corrisponde approssimativmente alla data del 27 gennaio.<\/p>\n\n\n\n<h4 class=\"wp-block-heading\">Le reliquie rubate<\/h4>\n\n\n\n<p>Un oratorio segn\u00f2 il luogo della tomba. I fedeli, abitanti di Monaco o navigatori di passaggio, vennero in gran numero a raccorgliervisi e vi si compirono i primi miracoli. Tuttavia, una notte, un uomo rub\u00f2 le reliquie della santa con l&#8217;intenzione di far negozio dei suoi benefici. Il sacrilegio ebbe corta durata perch\u00e8 un gruppo di pescatori insegui&#8217; il malfattore e lo cattur\u00f2 solo dopo qualche colpo di remi.La barca del ladro fu poi bruciata sulla spiaggia come sacrificio espiatorio.<\/p>\n\n\n\n<h4 class=\"wp-block-heading\">La protezione divina della Santa<\/h4>\n\n\n\n<p>Si racconta anche che, nel XVI secolo, nel corso di una guerra contro i Genovesi e i Pisani, che assediavano la fortezza, la Santa protesse Monaco. Durante pi\u00f9 di sei mesi, i loro attacchi furono respinti dai Monegaschi ai quali Santa Devota era apparsa, assicurandoli della protezione divina e della vittoria. Il 15 marzo 1507, i Genovesi abbandonarono l&#8217;assedio. \u00c8 dal 1924, sotto il regno del Principe Luigi II, che il 26 gennaio \u00e8 bruciata una barca.<\/p>\n\n\n\n<h3 class=\"wp-block-heading\">Un grande fervore<\/h3>\n\n\n\n<h4 class=\"wp-block-heading\">L&#8217;anima potettrice dell&#8217;identit\u00e0 monegasca<\/h4>\n\n\n\n<p>Il culto della Santa Devota resta sempre fervente nel Principato di Monaco. Il suo culto, legato a Monaco e ai suoi Principi, si ritrova ufficialmente in ogni chiesa del Principato e su delle monete. \u00c8 l&#8217;anima protettrice dell&#8217;identit\u00e0 monegasca, le cui reliquie sono state implorate nella gioia e nel dolore. \u00c8 da notare che il primo libro scritto in monegasco dal poeta monegasco Louis Notari si intitola : \u00ab A legenda de Santa Devota \u00bb (La leggenda di Santa Devota).<\/p>\n","protected":false},"excerpt":{"rendered":"<p>La storia e la leggenda Ai primordi del IV secolo, in Corsica (a quei tempi provincia romana), il governatore romano Diocleziano ordina la grande persecuzione dei Cristiani. Una giovane cristiana che non rinneg\u00f2 la propria fede Una giovane cristiana, Devota, fu arrestata, imprigionata e torturata. Mor\u00ec senza rinnegare la propria fede. Dopo la sua morte, [&hellip;]<\/p>\n","protected":false},"author":2,"featured_media":385,"parent":0,"menu_order":0,"comment_status":"closed","ping_status":"closed","template":"","meta":{"footnotes":""},"class_list":["post-763","page","type-page","status-publish","has-post-thumbnail","hentry"],"aioseo_notices":[],"_links":{"self":[{"href":"https:\/\/www.saintedevotemonaco.com\/it\/wp-json\/wp\/v2\/pages\/763","targetHints":{"allow":["GET"]}}],"collection":[{"href":"https:\/\/www.saintedevotemonaco.com\/it\/wp-json\/wp\/v2\/pages"}],"about":[{"href":"https:\/\/www.saintedevotemonaco.com\/it\/wp-json\/wp\/v2\/types\/page"}],"author":[{"embeddable":true,"href":"https:\/\/www.saintedevotemonaco.com\/it\/wp-json\/wp\/v2\/users\/2"}],"replies":[{"embeddable":true,"href":"https:\/\/www.saintedevotemonaco.com\/it\/wp-json\/wp\/v2\/comments?post=763"}],"version-history":[{"count":0,"href":"https:\/\/www.saintedevotemonaco.com\/it\/wp-json\/wp\/v2\/pages\/763\/revisions"}],"wp:featuredmedia":[{"embeddable":true,"href":"https:\/\/www.saintedevotemonaco.com\/it\/wp-json\/wp\/v2\/media\/385"}],"wp:attachment":[{"href":"https:\/\/www.saintedevotemonaco.com\/it\/wp-json\/wp\/v2\/media?parent=763"}],"curies":[{"name":"wp","href":"https:\/\/api.w.org\/{rel}","templated":true}]}}

<h3 class="wp-block-heading">La storia e la leggenda</h3>



<p>Ai primordi del IV secolo, in Corsica (a quei tempi provincia romana), il governatore romano Diocleziano ordina la grande persecuzione dei Cristiani.</p>



<h4 class="wp-block-heading">Una giovane cristiana che non rinnegò la propria fede</h4>



<p>Una giovane cristiana, Devota, fu arrestata, imprigionata e torturata. Morì senza rinnegare la propria fede. Dopo la sua morte, il governatore della provincia ordinò di bruciarne il corpo, ma dei Cristiani lo presero e lo misero su una barca in partenza per l&#8217;Africa dove pensavano che gli sarebbe stata data una sepoltura cristiana.</p>



<figure class="wp-block-image"><img loading="lazy" decoding="async" width="680" height="556" src="http://http://www.saintedevotemonaco.com/wp-content/uploads/2018/11/eglise_sainte_devote.jpg" alt="" class="wp-image-163" srcset="https://www.saintedevotemonaco.com/wp-content/uploads/2018/11/eglise_sainte_devote.jpg 680w, https://www.saintedevotemonaco.com/wp-content/uploads/2018/11/eglise_sainte_devote-300x245.jpg 300w, https://www.saintedevotemonaco.com/wp-content/uploads/2018/11/eglise_sainte_devote-500x409.jpg 500w, https://www.saintedevotemonaco.com/wp-content/uploads/2018/11/eglise_sainte_devote-600x491.jpg 600w" sizes="auto, (max-width: 680px) 100vw, 680px" /></figure>



<p>Église Sainte-Dévote</p>



<h4 class="wp-block-heading">E la barca approdò nel vallone dei Galmati</h4>



<p>Sin dalle prime ore della traversata, si levò una tempesta. Fu allora che dalla bocca di Devota uscì una colomba che guidò, senza intralci, la barca fino a Monaco dove finì per approdare nel vallone dei Galmati (al posto dell&#8217;attuale chiesa di Santa Devota). Era il sesto giorno prima delle calende di febbraio,il che corrisponde approssimativmente alla data del 27 gennaio.</p>



<h4 class="wp-block-heading">Le reliquie rubate</h4>



<p>Un oratorio segnò il luogo della tomba. I fedeli, abitanti di Monaco o navigatori di passaggio, vennero in gran numero a raccorgliervisi e vi si compirono i primi miracoli. Tuttavia, una notte, un uomo rubò le reliquie della santa con l&#8217;intenzione di far negozio dei suoi benefici. Il sacrilegio ebbe corta durata perchè un gruppo di pescatori insegui&#8217; il malfattore e lo catturò solo dopo qualche colpo di remi.La barca del ladro fu poi bruciata sulla spiaggia come sacrificio espiatorio.</p>



<h4 class="wp-block-heading">La protezione divina della Santa</h4>



<p>Si racconta anche che, nel XVI secolo, nel corso di una guerra contro i Genovesi e i Pisani, che assediavano la fortezza, la Santa protesse Monaco. Durante più di sei mesi, i loro attacchi furono respinti dai Monegaschi ai quali Santa Devota era apparsa, assicurandoli della protezione divina e della vittoria. Il 15 marzo 1507, i Genovesi abbandonarono l&#8217;assedio. È dal 1924, sotto il regno del Principe Luigi II, che il 26 gennaio è bruciata una barca.</p>



<h3 class="wp-block-heading">Un grande fervore</h3>



<h4 class="wp-block-heading">L&#8217;anima potettrice dell&#8217;identità monegasca</h4>



<p>Il culto della Santa Devota resta sempre fervente nel Principato di Monaco. Il suo culto, legato a Monaco e ai suoi Principi, si ritrova ufficialmente in ogni chiesa del Principato e su delle monete. È l&#8217;anima protettrice dell&#8217;identità monegasca, le cui reliquie sono state implorate nella gioia e nel dolore. È da notare che il primo libro scritto in monegasco dal poeta monegasco Louis Notari si intitola : « A legenda de Santa Devota » (La leggenda di Santa Devota).</p>

<p>La storia e la leggenda Ai primordi del IV secolo, in Corsica (a quei tempi provincia romana), il governatore romano Diocleziano ordina la grande persecuzione dei Cristiani. Una giovane cristiana che non rinnegò la propria fede Una giovane cristiana, Devota, fu arrestata, imprigionata e torturata. Morì senza rinnegare la propria fede. Dopo la sua morte, [&hellip;]</p>
